?
2, 151
Suppose 5*u - y - 12 = 0, -2*u - 5*y = -u - 18. Suppose 4*s + 1004 = u*h, 2*h = 2*s - 94 + 764. What are the prime factors of h?
2, 3, 7
Suppose 0 = 98*t + 56*t + 6*t - 1049920. List the prime factors of t.
2, 17, 193
Let j = 29745 - 3186. List the prime factors of j.
3, 13, 227
Suppose 34734 = -197*j + 203*j. List the prime factors of j.
7, 827
Let k = 119014 - 83959. What are the prime factors of k?
3, 5, 19, 41
Let c(z) = 184*z**3 + 2*z**2 - 34*z + 349. What are the prime factors of c(6)?
89, 449
Suppose 9705 = 2*g - y, 5*y - 525 + 5400 = g. List the prime factors of g.
2, 5, 97
Suppose 0 = c - 2, -3*y + 3*c - 2 = -8. Suppose 0 = q + y*q - 310. Let x = q - 41. List the prime factors of x.
3, 7
Suppose -102919 = -8*l + 52601 + 472. List the prime factors of l.
17, 31, 37
Let f(z) = -8*z - 11. Let d(a) = 11*a + 12. Let p(g) = 4*d(g) + 6*f(g). Suppose -65 = 3*r - 8. List the prime factors of p(r).
2, 29
Let g(q) be the first derivative of -q + 3/2*q**2 + 73/3*q**3 + 13. List the prime factors of g(1).
3, 5
Suppose 2*z + 19*p = 14*p + 973, 0 = -z + 3*p + 492. What are the prime factors of z?
3, 163
Let i(f) = 2*f**3 + 3*f + 243. Let g be i(0). Suppose 2*r - g = 23. What are the prime factors of r?
7, 19
Let v(t) = -t**3 + 3*t**2 + 2*t + 93. Let u(o) = 4*o - 68. Let f be u(17). List the prime factors of v(f).
3, 31
Suppose 2*r = -3*h + 12638, -255*r - 6306 = -256*r + 5*h. What are the prime factors of r?
2, 1579
Let y(o) = -o**3 - 80*o**2 + 64*o - 251. List the prime factors of y(-85).
2, 15217
Suppose -2*h + 7*n - 12*n - 1595 = 0, 4*n + 20 = 0. Let i = h - -1892. List the prime factors of i.
3, 41
Let l(b) = 22*b**2 - 114*b + 1090. What are the prime factors of l(47)?
2, 5, 11, 13, 31
Let y(a) = -318*a + 14652. List the prime factors of y(23).
2, 3, 1223
Let g = -30 + 24. Let s be ((-129)/g)/((-1)/(-2)). Let k = s + 32. What are the prime factors of k?
3, 5
Let y = -53 + 61. Suppose -18*g = -14*g - y. Suppose -186 = g*h - 5*h. List the prime factors of h.
2, 31
Let t(q) = 83*q + 22. Suppose 12 = -a + 16. List the prime factors of t(a).
2, 3, 59
Let s = 25670 - 9134. List the prime factors of s.
2, 3, 13, 53
Let l = 7867 - -10115. What are the prime factors of l?
2, 3, 37
Let h = 5404 + -4437. List the prime factors of h.
967
Let x be 3/((-22)/143 + 133/780). Suppose 7*y - x = 5*y + 2*h, 86 = y + h. List the prime factors of y.
2, 11
Suppose 6 = -4*b + 34. Let v(a) = -a**2 - 3*a + 11. Let x be v(b). Let m = x - -133. What are the prime factors of m?
2, 37
List the prime factors of 285030/6 - -11 - -25.
3, 13, 23, 53
Suppose l + 2*w - 11 = 0, 5*w - 47 = -3*l - l. Suppose l*k = -247 + 10725. What are the prime factors of k?
2, 13, 31
Suppose -199 + 61 = 5*i + 4*c, -3*i + c - 93 = 0. Let n = -82 - i. Let g = n + 75. List the prime factors of g.
23
Suppose -176*i + 242612 = -45*i. List the prime factors of i.
2, 463
Let f(t) be the first derivative of -17*t**5/120 - 11*t**4/6 + 16*t**3/3 - 29. Let c(i) be the third derivative of f(i). What are the prime factors of c(-11)?
11, 13
Let w = -12 + 13. Suppose -w = -i + 3, 0 = 3*q - 4*i - 2870. List the prime factors of q.
2, 13, 37
Let d = -30495 - -122678. What are the prime factors of d?
7, 13, 1013
List the prime factors of 3531 + 4 - 90/(0 + -10).
2, 443
What are the prime factors of 125363*(-3)/(-15) + (390/(-75))/(-13)?
25073
Let o = -145 + 217. Suppose -3*p + 1324 = 5*m, 4*p = o*m - 67*m - 1303. List the prime factors of m.
263
What are the prime factors of (14296/22)/1 - 7/((-616)/16)?
2, 5, 13
Let a(n) be the third derivative of -n**6/120 - 7*n**5/30 - 5*n**4/24 + 5*n**3 - n**2 + 36. List the prime factors of a(-15).
2, 3, 5, 11
Suppose 196 = 66*s - 59*s. Suppose 657 + 1891 = s*p. What are the prime factors of p?
7, 13
Suppose 0 = 6*t - 0*t + 198. Let c(i) = -i**3 - 16*i**2 - 26*i + 11. Let w be c(-14). Let k = w - t. List the prime factors of k.
2
Suppose 5*n - 6*n + 6 = y, 0 = -3*y + n + 18. List the prime factors of (-15)/12*-6*60/y.
3, 5
Let k(j) = 2*j**2 - 17*j + 32. Let x = 335 + -353. List the prime factors of k(x).
2, 17, 29
Suppose 2*v - b + 2789 = 6*v, 0 = -4*v + 2*b + 2786. Let i = -26 + v. What are the prime factors of i?
11, 61
Let p = -37 - -39. Suppose 0*b + 34 = p*b + 4*j, 0 = -4*b + 4*j + 8. Suppose -b*h = -2*h - 3*m - 222, 0 = -h + 3*m + 54. List the prime factors of h.
2, 3, 7
Let o = 30302 - 17018. List the prime factors of o.
2, 3, 41
Let w be 116 - 3 - 2 - 3. Let g = w - 27. What are the prime factors of -2 - (-4 - g/3)?
29
Let p = 42002 + -14747. List the prime factors of p.
3, 5, 23, 79
Suppose -z - 4*z = 15, 2*s - z = -673. Let r = -16 - s. List the prime factors of r.
2, 7, 23
Suppose -12*n + 183 = -13*n - 2*s, 5*n + 5*s + 895 = 0. List the prime factors of 1/4 + -53*n/20.
2, 29
Let i = 9639 + -9064. List the prime factors of i.
5, 23
Let h = 4421 - 333. What are the prime factors of h?
2, 7, 73
Suppose 0 = -5*c - 648 + 1228. What are the prime factors of (c/(-36) - -3) + (-21500)/(-36)?
3, 199
Let l(c) = c**2 + 731. Let p be l(0). Suppose -p = -2*i - 89. Suppose 0 = 4*t - 79 - i. What are the prime factors of t?
2, 5
Suppose -3*v + 6*v - 83090 = -32*v. List the prime factors of v.
2, 1187
Suppose -60*i + 10*i - 49*i + 105237 = 0. List the prime factors of i.
1063
Suppose 22*n - 9719 - 36569 = 0. List the prime factors of n.
2, 263
Let r be (1*(-2)/(-6))/(14/126). Suppose -2*s = -6*s - p + 2817, 2*s = -r*p + 1401. List the prime factors of s.
3, 5, 47
Suppose -294*m + 423204 = -313560. List the prime factors of m.
2, 7, 179
Let l(z) = 54*z**2 - 64*z - 301. What are the prime factors of l(-6)?
2027
Let b(j) = 61*j**2 + 73*j + 432. List the prime factors of b(-6).
2, 3, 5, 73
Suppose -4*w = -5*g + 32, -9*g + 8*g - 2 = 2*w. What are the prime factors of (-9999 + w)/3*(-2)/4?
1667
Let f(b) = -3*b + 62. Let j be f(19). Suppose 1 = -o, 121 = j*x - 2*x - o. Suppose -2*n + 46 = -x. What are the prime factors of n?
43
What are the prime factors of (-2 + -1 + (-578151)/(-18))*(-32)/(-24)?
2, 3, 13, 61
Suppose 5*g - 8*n = 112466, 0 = -5*g - 243*n + 241*n + 112496. List the prime factors of g.
2, 7, 1607
Let r(p) be the second derivative of p**5/20 + 3*p**4/4 + 13*p**3/6 + 2*p**2 - 20*p. Let b be r(-8). What are the prime factors of (-3 - b/8)/(2/140)?
3, 5, 7
Let m(n) = 5*n - 40. Let p be m(-5). Let h = p + 85. List the prime factors of h.
2, 5
Suppose -8*d + 8164 = -29149 - 30311. List the prime factors of d.
79, 107
Let l = -16 + 16. Suppose -4*p + 9 + 11 = l. Suppose 2*s = p*n - 2*s - 1396, -2*s = -2. What are the prime factors of n?
2, 5, 7
Let k be 0 + 1 - (-1 - 1 - 1). Suppose -4*c - 76 = 4*p, 4*c + k*p = -c - 91. List the prime factors of (-4)/10 - 1431/c.
5, 19
Suppose -4*v = -x - 4072, 0*v - 4*x = -2*v + 2050. Suppose k - 4*f = f + 319, -3*k + 3*f + v = 0. List the prime factors of k.
2, 43
Let s = 1642 - 4504. What are the prime factors of ((-26)/(-6) + -4)/((-2)/s)?
3, 53
Suppose -9*v + 4*v = 945. Let p = v + 344. List the prime factors of ((-1)/(20/24)*p)/(-2).
3, 31
Suppose 0 = 2*p + 15 - 5. Let a(x) = -7*x**2 - 11*x + 27. Let d(y) = -3*y**2 - 5*y + 14. Let b(o) = -3*a(o) + 5*d(o). List the prime factors of b(p).
3, 11
Suppose -21 = -3*u - 4*f, 3*f + 3 = u + 9. Let b(q) = 16*q**3 - 6*q**2 + 3*q + 2. Let w be b(u). List the prime factors of 5/15 + w*(-1)/(-3).
2, 5, 13
Let o = -26 - -26. Let n be (15 - 32) + o/2. What are the prime factors of (-3 + 1)/(2/n)?
17
List the prime factors of (790464/30)/4 - -7*(-4)/140.
7, 941
Let t = 261 - 237. Let m(y) = -y**2 + 29*y + 1. List the prime factors of m(t).
11
Suppose -11*x = -298 + 232. Suppose -316 = -5*q + z, q - 68 = 11*z - x*z. List the prime factors of q.
3, 7
Suppose -2*m - 4*o = o + 33, -2*m + 5*o - 23 = 0. What are the prime factors of 12/m*(5 - 4)*-413?
2, 3, 59
Let j(h) be the first derivative of 5*h**3/3 + 5*h**2 + 14*h + 18. Let a = -34 + 28. List the prime factors of j(a).
2, 67
Suppose 20*v + 18*v = 297426. List the prime factors of v.
3, 2609
Let r be ((5 - 3)/(-1))/(0 - 2). Let p be (r - -3 - 0)*5/2. What are the prime factors of p/5 + 29/1?
31
Let v be 0 + (-3)/(-1) + 11. Let a(s) = 42*s - 211. What are the prime factors of a(v)?
13, 29
Let d be 0 - (4/1)/2. What are the prime factors of (1014/